{"id":115,"date":"2023-03-22T14:35:42","date_gmt":"2023-03-22T14:35:42","guid":{"rendered":"http:\/\/locacaodevansparaeventos.com.br\/?page_id=115"},"modified":"2024-10-22T15:10:45","modified_gmt":"2024-10-22T15:10:45","slug":"orcamento-locacao-de-vans","status":"publish","type":"page","link":"https:\/\/locacaodevansparaeventos.com.br\/?page_id=115","title":{"rendered":"Or\u00e7amento loca\u00e7\u00e3o de vans"},"content":{"rendered":"\n\n\t<p>Solicite um Or\u00e7amento de loca\u00e7\u00e3o de vans preenchendo o formul\u00e1rio abaixo<\/p>\n\t<div class=\"wpforms-container \" id=\"wpforms-177\"><form id=\"wpforms-form-177\" class=\"wpforms-validate wpforms-form wpforms-ajax-form\" data-formid=\"177\" method=\"post\" enctype=\"multipart\/form-data\" action=\"\/index.php?rest_route=%2Fwp%2Fv2%2Fpages%2F115\" data-token=\"4c8c3db7e6cb1f31b88f74e1de9b18fa\"><noscript class=\"wpforms-error-noscript\">Please enable JavaScript in your browser to complete this form.<\/noscript><div class=\"wpforms-field-container\"><div id=\"wpforms-177-field_0-container\" class=\"wpforms-field wpforms-field-name\" data-field-id=\"0\"><label class=\"wpforms-field-label\" for=\"wpforms-177-field_0\">Nome <span class=\"wpforms-required-label\">*<\/span><\/label><input type=\"text\" id=\"wpforms-177-field_0\" class=\"wpforms-field-large wpforms-field-required\" name=\"wpforms[fields][0]\" required><\/div><div id=\"wpforms-177-field_1-container\" class=\"wpforms-field wpforms-field-email\" data-field-id=\"1\"><label class=\"wpforms-field-label\" for=\"wpforms-177-field_1\">Email <span class=\"wpforms-required-label\">*<\/span><\/label><input type=\"email\" id=\"wpforms-177-field_1\" class=\"wpforms-field-medium wpforms-field-required\" name=\"wpforms[fields][1]\" required><\/div><div id=\"wpforms-177-field_4-container\" class=\"wpforms-field wpforms-field-phone\" data-field-id=\"4\"><label class=\"wpforms-field-label\" for=\"wpforms-177-field_4\">Telefone <span class=\"wpforms-required-label\">*<\/span><\/label><input type=\"tel\" id=\"wpforms-177-field_4\" class=\"wpforms-field-medium wpforms-field-required wpforms-smart-phone-field\" data-rule-smart-phone-field=\"true\" name=\"wpforms[fields][4]\" required><\/div><div id=\"wpforms-177-field_6-container\" class=\"wpforms-field wpforms-field-text\" data-field-id=\"6\"><label class=\"wpforms-field-label\" for=\"wpforms-177-field_6\">N\u00famero de passageiros<\/label><input type=\"text\" id=\"wpforms-177-field_6\" class=\"wpforms-field-medium\" name=\"wpforms[fields][6]\" ><\/div><div id=\"wpforms-177-field_7-container\" class=\"wpforms-field wpforms-field-select wpforms-field-select-style-classic\" data-field-id=\"7\"><label class=\"wpforms-field-label\" for=\"wpforms-177-field_7\">Tem bagagem? <span class=\"wpforms-required-label\">*<\/span><\/label><select id=\"wpforms-177-field_7\" class=\"wpforms-field-medium wpforms-field-required\" name=\"wpforms[fields][7]\" required=\"required\"><option value=\"Sim\" >Sim<\/option><option value=\"N\u00e3o\" >N\u00e3o<\/option><\/select><\/div><div id=\"wpforms-177-field_5-container\" class=\"wpforms-field wpforms-field-select wpforms-field-select-style-classic\" data-field-id=\"5\"><label class=\"wpforms-field-label\" for=\"wpforms-177-field_5\">Tipo de Loca\u00e7\u00e3o <span class=\"wpforms-required-label\">*<\/span><\/label><select id=\"wpforms-177-field_5\" class=\"wpforms-field-medium wpforms-field-required\" name=\"wpforms[fields][5]\" required=\"required\"><option value=\"Ve\u00edculo a disposi\u00e7\u00e3o ( Shows, eventos, festas )\" >Ve\u00edculo a disposi\u00e7\u00e3o ( Shows, eventos, festas )<\/option><option value=\"Translado aeroporto ou rodovi\u00e1ria\" >Translado aeroporto ou rodovi\u00e1ria<\/option><option value=\"Translado ( levar e buscar )\" >Translado ( levar e buscar )<\/option><option value=\"Viagem\" >Viagem<\/option><option value=\"Turismo ( City Tour )\" >Turismo ( City Tour )<\/option><option value=\"Outro servi\u00e7o\" >Outro servi\u00e7o<\/option><\/select><\/div><div id=\"wpforms-177-field_8-container\" class=\"wpforms-field wpforms-field-text\" data-field-id=\"8\"><label class=\"wpforms-field-label\" for=\"wpforms-177-field_8\">Local da sa\u00edda <span class=\"wpforms-required-label\">*<\/span><\/label><input type=\"text\" id=\"wpforms-177-field_8\" class=\"wpforms-field-medium wpforms-field-required\" name=\"wpforms[fields][8]\" required><\/div><div id=\"wpforms-177-field_9-container\" class=\"wpforms-field wpforms-field-text\" data-field-id=\"9\"><label class=\"wpforms-field-label\" for=\"wpforms-177-field_9\">Local do destino <span class=\"wpforms-required-label\">*<\/span><\/label><input type=\"text\" id=\"wpforms-177-field_9\" class=\"wpforms-field-medium wpforms-field-required\" name=\"wpforms[fields][9]\" required><\/div><div id=\"wpforms-177-field_10-container\" class=\"wpforms-field wpforms-field-date-time\" data-field-id=\"10\"><label class=\"wpforms-field-label\" for=\"wpforms-177-field_10\">Data da sa\u00edda <span class=\"wpforms-required-label\">*<\/span><\/label><div class=\"wpforms-field-row wpforms-field-medium\"><div class=\"wpforms-field-row-block wpforms-one-half wpforms-first\"><div class=\"wpforms-datepicker-wrap\"><input type=\"text\" id=\"wpforms-177-field_10\" class=\"wpforms-field-date-time-date wpforms-datepicker wpforms-field-required\" data-date-format=\"F j, Y\" data-disable-past-dates=\"0\" data-input=\"true\" name=\"wpforms[fields][10][date]\" required><a title=\"Clear Date\" data-clear class=\"wpforms-datepicker-clear\" style=\"display:none;\"><\/a><\/div><label for=\"wpforms-177-field_10\" class=\"wpforms-field-sublabel after \">Date<\/label><\/div><div class=\"wpforms-field-row-block wpforms-one-half\"><input type=\"text\" id=\"wpforms-177-field_10-time\" class=\"wpforms-field-date-time-time wpforms-timepicker wpforms-field-required\" data-time-format=\"g:i A\" data-step=\"30\" data-rule-time12h=\"true\" name=\"wpforms[fields][10][time]\" required><label for=\"wpforms-177-field_10-time\" class=\"wpforms-field-sublabel after \">Time<\/label><\/div><\/div><\/div><div id=\"wpforms-177-field_11-container\" class=\"wpforms-field wpforms-field-date-time\" data-field-id=\"11\"><label class=\"wpforms-field-label\" for=\"wpforms-177-field_11\">Data do retorno <span class=\"wpforms-required-label\">*<\/span><\/label><div class=\"wpforms-field-row wpforms-field-medium\"><div class=\"wpforms-field-row-block wpforms-one-half wpforms-first\"><div class=\"wpforms-datepicker-wrap\"><input type=\"text\" id=\"wpforms-177-field_11\" class=\"wpforms-field-date-time-date wpforms-datepicker wpforms-field-required\" data-date-format=\"m\/d\/Y\" data-disable-past-dates=\"0\" data-input=\"true\" name=\"wpforms[fields][11][date]\" required><a title=\"Clear Date\" data-clear class=\"wpforms-datepicker-clear\" style=\"display:none;\"><\/a><\/div><label for=\"wpforms-177-field_11\" class=\"wpforms-field-sublabel after \">Date<\/label><\/div><div class=\"wpforms-field-row-block wpforms-one-half\"><input type=\"text\" id=\"wpforms-177-field_11-time\" class=\"wpforms-field-date-time-time wpforms-timepicker wpforms-field-required\" data-time-format=\"g:i A\" data-step=\"30\" data-rule-time12h=\"true\" name=\"wpforms[fields][11][time]\" required><label for=\"wpforms-177-field_11-time\" class=\"wpforms-field-sublabel after \">Time<\/label><\/div><\/div><\/div><div id=\"wpforms-177-field_2-container\" class=\"wpforms-field wpforms-field-textarea\" data-field-id=\"2\"><label class=\"wpforms-field-label\" for=\"wpforms-177-field_2\">Observa\u00e7\u00f5es adicionais<\/label><textarea id=\"wpforms-177-field_2\" class=\"wpforms-field-medium\" name=\"wpforms[fields][2]\" ><\/textarea><\/div><\/div><div class=\"wpforms-submit-container\"><input type=\"hidden\" name=\"wpforms[id]\" value=\"177\"><input type=\"hidden\" name=\"wpforms[author]\" value=\"1\"><button type=\"submit\" name=\"wpforms[submit]\" id=\"wpforms-submit-177\" class=\"wpforms-submit\" data-alt-text=\"Enviando....\" data-submit-text=\"Enviar\" aria-live=\"assertive\" value=\"wpforms-submit\">Enviar<\/button><img loading=\"lazy\" decoding=\"async\" src=\"https:\/\/locacaodevansparaeventos.com.br\/wp-content\/plugins\/wpforms\/assets\/images\/submit-spin.svg\" class=\"wpforms-submit-spinner\" style=\"display: none;\" width=\"26\" height=\"26\" alt=\"Loading\"><\/div><\/form><\/div>  <!-- .wpforms-container -->\n<h3>\n\t\tE-mail\n\t<\/h3>\n\t<p>locacaodevansparaeventos@gmail.com<\/p>\n<h3>\n\t\tTelefone\n\t<\/h3>\n\tAna Paula 21 99995-3787<br \/>\n\/ Felipe 24 99857- 3240\n\n","protected":false},"excerpt":{"rendered":"<p>Solicite um Or\u00e7amento de loca\u00e7\u00e3o de vans preenchendo o formul\u00e1rio abaixo E-mail locacaodevansparaeventos@gmail.com Telefone Ana Paula 21 99995-3787 \/ Felipe 24 99857- 3240<\/p>\n","protected":false},"author":1,"featured_media":0,"parent":0,"menu_order":0,"comment_status":"closed","ping_status":"closed","template":"","meta":{"site-sidebar-layout":"default","site-content-layout":"","ast-site-content-layout":"","site-content-style":"default","site-sidebar-style":"default","ast-global-header-display":"","ast-banner-title-visibility":"","ast-main-header-display":"","ast-hfb-above-header-display":"","ast-hfb-below-header-display":"","ast-hfb-mobile-header-display":"","site-post-title":"","ast-breadcrumbs-content":"","ast-featured-img":"","footer-sml-layout":"","theme-transparent-header-meta":"","adv-header-id-meta":"","stick-header-meta":"","header-above-stick-meta":"","header-main-stick-meta":"","header-below-stick-meta":"","astra-migrate-meta-layouts":"default","ast-page-background-enabled":"default","ast-page-background-meta":{"desktop":{"background-color":"var(--ast-global-color-4)","background-image":"","background-repeat":"repeat","background-position":"center center","background-size":"auto","background-attachment":"scroll","background-type":"","background-media":"","overlay-type":"","overlay-color":"","overlay-opacity":"","overlay-gradient":""},"tablet":{"background-color":"","background-image":"","background-repeat":"repeat","background-position":"center center","background-size":"auto","background-attachment":"scroll","background-type":"","background-media":"","overlay-type":"","overlay-color":"","overlay-opacity":"","overlay-gradient":""},"mobile":{"background-color":"","background-image":"","background-repeat":"repeat","background-position":"center center","background-size":"auto","background-attachment":"scroll","background-type":"","background-media":"","overlay-type":"","overlay-color":"","overlay-opacity":"","overlay-gradient":""}},"ast-content-background-meta":{"desktop":{"background-color":"var(--ast-global-color-5)","background-image":"","background-repeat":"repeat","background-position":"center center","background-size":"auto","background-attachment":"scroll","background-type":"","background-media":"","overlay-type":"","overlay-color":"","overlay-opacity":"","overlay-gradient":""},"tablet":{"background-color":"var(--ast-global-color-5)","background-image":"","background-repeat":"repeat","background-position":"center center","background-size":"auto","background-attachment":"scroll","background-type":"","background-media":"","overlay-type":"","overlay-color":"","overlay-opacity":"","overlay-gradient":""},"mobile":{"background-color":"var(--ast-global-color-5)","background-image":"","background-repeat":"repeat","background-position":"center center","background-size":"auto","background-attachment":"scroll","background-type":"","background-media":"","overlay-type":"","overlay-color":"","overlay-opacity":"","overlay-gradient":""}},"footnotes":""},"class_list":["post-115","page","type-page","status-publish","hentry"],"yoast_head":"<!-- This site is optimized with the Yoast SEO Premium plugin v16.3 (Yoast SEO v23.4) - https:\/\/yoast.com\/wordpress\/plugins\/seo\/ -->\n<title>Or\u00e7amento loca\u00e7\u00e3o de vans -<\/title>\n<meta name=\"description\" content=\"Or\u00e7amento loca\u00e7\u00e3o de vans Trabalhamos em festas, shows, casamentos, condom\u00ednios, turismo, viagens. Qualidade e pre\u00e7o s\u00e3o o nosso diferencial\" \/>\n<meta name=\"robots\" content=\"index, follow, max-snippet:-1, max-image-preview:large, max-video-preview:-1\" \/>\n<link rel=\"canonical\" href=\"https:\/\/locacaodevansparaeventos.com.br\/?page_id=115\" \/>\n<meta property=\"og:locale\" content=\"pt_PT\" \/>\n<meta property=\"og:type\" content=\"article\" \/>\n<meta property=\"og:title\" content=\"Or\u00e7amento loca\u00e7\u00e3o de vans -\" \/>\n<meta property=\"og:description\" content=\"Or\u00e7amento loca\u00e7\u00e3o de vans Trabalhamos em festas, shows, casamentos, condom\u00ednios, turismo, viagens. Qualidade e pre\u00e7o s\u00e3o o nosso diferencial\" \/>\n<meta property=\"og:url\" content=\"https:\/\/locacaodevansparaeventos.com.br\/?page_id=115\" \/>\n<meta property=\"article:modified_time\" content=\"2024-10-22T15:10:45+00:00\" \/>\n<meta name=\"twitter:card\" content=\"summary_large_image\" \/>\n<script type=\"application\/ld+json\" class=\"yoast-schema-graph\">{\"@context\":\"https:\/\/schema.org\",\"@graph\":[{\"@type\":\"WebPage\",\"@id\":\"https:\/\/locacaodevansparaeventos.com.br\/?page_id=115\",\"url\":\"https:\/\/locacaodevansparaeventos.com.br\/?page_id=115\",\"name\":\"Or\u00e7amento loca\u00e7\u00e3o de vans -\",\"isPartOf\":{\"@id\":\"http:\/\/locacaodevansparaeventos.com.br\/#website\"},\"datePublished\":\"2023-03-22T14:35:42+00:00\",\"dateModified\":\"2024-10-22T15:10:45+00:00\",\"description\":\"Or\u00e7amento loca\u00e7\u00e3o de vans Trabalhamos em festas, shows, casamentos, condom\u00ednios, turismo, viagens. Qualidade e pre\u00e7o s\u00e3o o nosso diferencial\",\"breadcrumb\":{\"@id\":\"https:\/\/locacaodevansparaeventos.com.br\/?page_id=115#breadcrumb\"},\"inLanguage\":\"pt-PT\",\"potentialAction\":[{\"@type\":\"ReadAction\",\"target\":[\"https:\/\/locacaodevansparaeventos.com.br\/?page_id=115\"]}]},{\"@type\":\"BreadcrumbList\",\"@id\":\"https:\/\/locacaodevansparaeventos.com.br\/?page_id=115#breadcrumb\",\"itemListElement\":[{\"@type\":\"ListItem\",\"position\":1,\"name\":\"In\u00edcio\",\"item\":\"http:\/\/locacaodevansparaeventos.com.br\/\"},{\"@type\":\"ListItem\",\"position\":2,\"name\":\"Or\u00e7amento loca\u00e7\u00e3o de vans\"}]},{\"@type\":\"WebSite\",\"@id\":\"http:\/\/locacaodevansparaeventos.com.br\/#website\",\"url\":\"http:\/\/locacaodevansparaeventos.com.br\/\",\"name\":\"\",\"description\":\"\",\"potentialAction\":[{\"@type\":\"SearchAction\",\"target\":{\"@type\":\"EntryPoint\",\"urlTemplate\":\"http:\/\/locacaodevansparaeventos.com.br\/?s={search_term_string}\"},\"query-input\":{\"@type\":\"PropertyValueSpecification\",\"valueRequired\":true,\"valueName\":\"search_term_string\"}}],\"inLanguage\":\"pt-PT\"}]}<\/script>\n<!-- \/ Yoast SEO Premium plugin. -->","yoast_head_json":{"title":"Or\u00e7amento loca\u00e7\u00e3o de vans -","description":"Or\u00e7amento loca\u00e7\u00e3o de vans Trabalhamos em festas, shows, casamentos, condom\u00ednios, turismo, viagens. Qualidade e pre\u00e7o s\u00e3o o nosso diferencial","robots":{"index":"index","follow":"follow","max-snippet":"max-snippet:-1","max-image-preview":"max-image-preview:large","max-video-preview":"max-video-preview:-1"},"canonical":"https:\/\/locacaodevansparaeventos.com.br\/?page_id=115","og_locale":"pt_PT","og_type":"article","og_title":"Or\u00e7amento loca\u00e7\u00e3o de vans -","og_description":"Or\u00e7amento loca\u00e7\u00e3o de vans Trabalhamos em festas, shows, casamentos, condom\u00ednios, turismo, viagens. Qualidade e pre\u00e7o s\u00e3o o nosso diferencial","og_url":"https:\/\/locacaodevansparaeventos.com.br\/?page_id=115","article_modified_time":"2024-10-22T15:10:45+00:00","twitter_card":"summary_large_image","schema":{"@context":"https:\/\/schema.org","@graph":[{"@type":"WebPage","@id":"https:\/\/locacaodevansparaeventos.com.br\/?page_id=115","url":"https:\/\/locacaodevansparaeventos.com.br\/?page_id=115","name":"Or\u00e7amento loca\u00e7\u00e3o de vans -","isPartOf":{"@id":"http:\/\/locacaodevansparaeventos.com.br\/#website"},"datePublished":"2023-03-22T14:35:42+00:00","dateModified":"2024-10-22T15:10:45+00:00","description":"Or\u00e7amento loca\u00e7\u00e3o de vans Trabalhamos em festas, shows, casamentos, condom\u00ednios, turismo, viagens. Qualidade e pre\u00e7o s\u00e3o o nosso diferencial","breadcrumb":{"@id":"https:\/\/locacaodevansparaeventos.com.br\/?page_id=115#breadcrumb"},"inLanguage":"pt-PT","potentialAction":[{"@type":"ReadAction","target":["https:\/\/locacaodevansparaeventos.com.br\/?page_id=115"]}]},{"@type":"BreadcrumbList","@id":"https:\/\/locacaodevansparaeventos.com.br\/?page_id=115#breadcrumb","itemListElement":[{"@type":"ListItem","position":1,"name":"In\u00edcio","item":"http:\/\/locacaodevansparaeventos.com.br\/"},{"@type":"ListItem","position":2,"name":"Or\u00e7amento loca\u00e7\u00e3o de vans"}]},{"@type":"WebSite","@id":"http:\/\/locacaodevansparaeventos.com.br\/#website","url":"http:\/\/locacaodevansparaeventos.com.br\/","name":"","description":"","potentialAction":[{"@type":"SearchAction","target":{"@type":"EntryPoint","urlTemplate":"http:\/\/locacaodevansparaeventos.com.br\/?s={search_term_string}"},"query-input":{"@type":"PropertyValueSpecification","valueRequired":true,"valueName":"search_term_string"}}],"inLanguage":"pt-PT"}]}},"_links":{"self":[{"href":"https:\/\/locacaodevansparaeventos.com.br\/index.php?rest_route=\/wp\/v2\/pages\/115","targetHints":{"allow":["GET"]}}],"collection":[{"href":"https:\/\/locacaodevansparaeventos.com.br\/index.php?rest_route=\/wp\/v2\/pages"}],"about":[{"href":"https:\/\/locacaodevansparaeventos.com.br\/index.php?rest_route=\/wp\/v2\/types\/page"}],"author":[{"embeddable":true,"href":"https:\/\/locacaodevansparaeventos.com.br\/index.php?rest_route=\/wp\/v2\/users\/1"}],"replies":[{"embeddable":true,"href":"https:\/\/locacaodevansparaeventos.com.br\/index.php?rest_route=%2Fwp%2Fv2%2Fcomments&post=115"}],"version-history":[{"count":6,"href":"https:\/\/locacaodevansparaeventos.com.br\/index.php?rest_route=\/wp\/v2\/pages\/115\/revisions"}],"predecessor-version":[{"id":244,"href":"https:\/\/locacaodevansparaeventos.com.br\/index.php?rest_route=\/wp\/v2\/pages\/115\/revisions\/244"}],"wp:attachment":[{"href":"https:\/\/locacaodevansparaeventos.com.br\/index.php?rest_route=%2Fwp%2Fv2%2Fmedia&parent=115"}],"curies":[{"name":"wp","href":"https:\/\/api.w.org\/{rel}","templated":true}]}}